ighest common divisor of 12 and z.
12
Suppose -8 = -5*d + 3*d. Let u(p) = p**2 - 4*p - 2. Let w be u(d). Let n be 1 + w + -2 - -53. What is the highest common factor of 25 and n?
25
Let f(m) = -17*m + 217. Let h be f(8). Calculate the highest common divisor of h and 297.
27
Let a be (3/3 + -1)/2. Suppose 4*b - 4*j - 88 = a, -11*b = -15*b + j + 85. What is the greatest common factor of 6 and b?
3
Let i(c) = -c**2 - 2*c + 4. Let x be i(0). Suppose 7*h + x - 11 = 0. Calculate the highest common factor of h and 7.
1
Let k be 199 - (7/(-5) - 10/(-25)). Suppose 4*r - r + 165 = 5*v, k = 5*v + 4*r. What is the greatest common factor of 6 and v?
6
Let i be (2 - 347)*402/(-335). What is the greatest common factor of i and 144?
18
Suppose -233 = -x + 91. Let a = -196 + x. Suppose a = 8*r - 4*r. What is the greatest common factor of 128 and r?
32
Suppose 61 = 8*u - 7*u - 4*y, y = -u + 46. What is the highest common factor of u and 2?
1
Suppose -210 = -2*v - 3*v. Calculate the highest common divisor of v and 24.
6
Suppose 4*r = 3*q - 2*q - 4, 0 = -4*q + 3*r + 16. Suppose 4*y - 5*h = 409, q*y - 3*y + 2*h = 86. What is the highest common divisor of 32 and y?
32
Suppose -5*f - 4 = -14. Suppose -f*l = -5*y + 7, -5*y + 14 + 9 = 2*l. Let i be 2*1*(1 + 1). Calculate the greatest common divisor of l and i.
4
Let o be 33684/112 - (-3 - 11/(-4)). Calculate the highest common divisor of 28 and o.
7
Suppose -2*l - 10 + 2 = 0, -4*d - 3*l - 20 = 0. Let q be (d - -2) + -1 + 10*1. Calculate the greatest common factor of 15 and q.
3
Let m(q) = -q**3 - 10*q**2 - 13*q + 33. Suppose -2*c + 3*r - 7*r - 22 = 0, 4*c - 3*r + 33 = 0. Let k be m(c). Calculate the greatest common divisor of 3 and k.
3
Let s(b) = -b**2 - 14*b + 25. Let x be s(-15). What is the greatest common divisor of x and 4?
2
Suppose -4*y = q - 12, 2*y = 2*q - q. Suppose -7 + 31 = q*d. Let h = 10 + d. What is the greatest common factor of h and 32?
16
Suppose -7*u + 5 = -2*u, 2*u + 28 = -3*w. Let d = w + 24. What is the highest common divisor of d and 14?
14
Let y = -30 + 48. Suppose -3*z - 3*m + 6 = 0, 3*z - 12 = 3*m - 4*m. Let t be (z - 1) + 2 - -156. Calculate the highest common factor of t and y.
18
Let p be -50*(-624)/65*2/4. What is the highest common factor of p and 70?
10
Let h be ((-658)/6)/((-46)/9 + 5). Suppose -z = 5*y - 4*z - h, -2*z - 592 = -3*y. Calculate the greatest common factor of 18 and y.
18
Suppose -12 = -4*f, 4*w + 69 = 9*w - 2*f. Suppose -3*b + 444 + w = 0. Calculate the greatest common divisor of 17 and b.
17
Let k = 15 + -8. Suppose 0 = -21*i - 23*i + 2772. Calculate the greatest common divisor of i and k.
7
Let d be ((-11)/3)/((-2)/30). Let x = 22 - -5. Let h = -16 + x. Calculate the greatest common divisor of h and d.
11
Suppose 0 = -4*z + 8, 2*z - 15 = 3*o - 83. Let k = 69 - o. Let c be (-50)/15*((-5)/2 - -1). Calculate the highest common factor of c and k.
5
Suppose -3038 = 9*q + 274. Let s be 8/(-28) + q/(-14). Calculate the greatest common factor of s and 26.
26
Suppose 0 = 13*s - 52*s + 15210. What is the highest common factor of s and 30?
30
Suppose 12 = -4*s, 4*t - 3*s = 3*t + 26. What is the greatest common factor of t and 187?
17
Let c(i) = i**2 + 8*i + 8. Let g = 48 - 25. Suppose -2*b - 38 = 5*v - 5*b, -2*b = -3*v - g. Let l be c(v). Calculate the highest common factor of 1 and l.
1
Let h = 9 - 8. Let g(l) = 2*l**3 + 2*l**2 - 2*l + 1. Let a be g(h). Suppose 0 = a*r + 19 - 64. What is the greatest common factor of r and 60?
15
Let x be (2 - 1)/((-5)/65). Let s be (12/(-3))/2 - x. Let b be (1/2)/(8/176). Calculate the highest common factor of s and b.
11
Let y = 169 + 356. Suppose 8*z - y = 3*z - 5*k, -2*k - 290 = -3*z. Calculate the greatest common divisor of z and 40.
20
Let g = 86 + 58. Let q(o) = -18*o**3 + 100*o + 100. Let w be q(-1). Calculate the greatest common divisor of g and w.
18
Let l(w) = 3*w**2 - 4*w + 4. Let v be l(3). Suppose 3*f + 2 = 4*x, 2*f + 3*x - 8 = v. Suppose 0*h - 5*h + 240 = 0. What is the highest common factor of h and f?
6
Let p be (2/(-6) - -1)*(-24 - -42). What is the greatest common divisor of 108 and p?
12
Suppose -7*q + 4 = -10. Let w = q + 3. Suppose 115 = 5*r + w. What is the greatest common factor of r and 198?
22
Suppose 5*o - 446 = -4*c, -3*o - 2*o = -4*c - 414. Suppose u + 154 = -0*x + 4*x, -2*x + o = 4*u. What is the greatest common divisor of x and 13?
13
Let j = 640 + -456. Suppose 0 = -121*g + 119*g + 92. Calculate the greatest common factor of j and g.
46
Let g(n) = 3*n**3 - 8*n**2 - 4*n - 34. Let j be g(5). Calculate the highest common divisor of j and 1936.
121
Let r(f) = f**2 - 36*f - 169. Let d be r(41). Calculate the highest common factor of 276 and d.
12
Suppose -243 - 381 = -8*j. Let t(s) = s**3 + 12*s**2 + 6. Let o be t(-12). Calculate the greatest common divisor of j and o.
6
Let v(l) = 6*l**3 - 4*l**2 - 3*l + 3. Let j be v(2). Calculate the greatest common factor of 551 and j.
29
Let h(t) = -2*t**3 - 16*t**2 - 12*t + 15. Let b be h(-9). What is the highest common factor of 15 and b?
15
Let h = -73 + 123. What is the highest common divisor of h and 30?
10
Let j(a) = -331*a + 674. Let z be j(2). Suppose -2*f + 45 = -5*h - 36, -5*f + 4*h + 228 = 0. Calculate the highest common divisor of z and f.
12
Let y = 73 - 96. Let x(k) = -k**3 - 24*k**2 - 23*k + 30. Let h be x(y). Calculate the highest common factor of 30 and h.
30
Let u = 92 - -6. What is the greatest common factor of 147 and u?
49
Let d = 30 + -71. Let z = d - -55. Calculate the greatest common factor of 21 and z.
7
Suppose 0 = 3*f - 13*f + 200. Let m be (-4)/10*(7 - 2). Let q be 22 - (m + 2 - -2). Calculate the greatest common divisor of q and f.
20
Let a(z) = -25*z - 191. Let c be a(-8). Let w(l) = l**3 + 9*l**2 + 3*l - 4. Let d be w(-5). Calculate the greatest common factor of c and d.
9
Let o be (740/(-50))/((-2)/10). Suppose 5*h - o = -24. Let i = -5 + 9. What is the greatest common factor of h and i?
2
Suppose -x = 33*x - 3230. What is the greatest common divisor of x and 19?
19
Suppose -7*m = -839 + 664. Calculate the highest common factor of m and 975.
25
Suppose -4*k = -2*k - 76. Suppose o - 4*o + g = -k, -40 = -2*o - 3*g. Let p = -6 + o. What is the highest common factor of p and 4?
4
Suppose -2*s + 39 = -3*d - 5, 0 = -2*s - 3*d + 44. Let w(x) = x - 4*x + 15 - 10. Let j be w(-2). What is the greatest common divisor of s and j?
11
Let l(x) = -5*x. Let t be l(10). Suppose -56 = -4*f + 104. Let h be ((-72)/f)/(6/t). Calculate the greatest common factor of 10 and h.
5
Suppose 5*b + 5*y = -1280, 2*b + 3*b = -2*y - 1286. Let g = b - -508. Calculate the greatest common divisor of 25 and g.
25
Let o be ((204/15)/1)/((-8)/(-40)). Let d = 19 + 83. Calculate the highest common divisor of d and o.
34
Let c = 369 - 359. What is the greatest common factor of 810 and c?
10
Let s = 1445 + -1443. What is the highest common factor of s and 15?
1
Let r = 830 - 584. Suppose -j - 3*j = -2*b - r, -4*b = j - 84. What is the highest common factor of 48 and j?
16
Let i = 117 - -26. What is the greatest common factor of 22 and i?
11
Suppose -3*d + 68 = m, 2*m - 14*d = -9*d + 158. What is the highest common divisor of m and 37?
37
Suppose -11*x + 91 = -63. Let o be 4612/28 + (1 - 10/x). Calculate the highest common factor of o and 15.
15
Suppose 40*u - 359 = -199. Calculate the highest common divisor of 384 and u.
4
Let p(z) = 26*z + 2. Let g be p(-2). Let c = 73 + g. What is the highest common divisor of 253 and c?
23
Let y = 3 + -1. Suppose -2*c - y*d + 228 = -3*d, -5*c - 3*d + 548 = 0. Suppose -78 = -5*k + c. What is the greatest common factor of k and 95?
19
Suppose 0 = -72*c + 86*c - 1260. What is the highest common factor of c and 558?
18
Let r = 148 + -87. Let s = 13 + -12. Suppose -v - s = -r. Calculate the highest common divisor of 20 and v.
20
Let q = -2 + 3. Suppose -2*s + q = 4*w - 1, 2*s = 10. Let n be (-86)/(-4) - 1/w. Calculate the greatest common divisor of n and 2.
2
Suppose -29*w = -67*w + 190. Suppose 4*p = 2*p + 4. What is the greatest common factor of w and p?
1
Let m(n) = -66*n - 473. Let w be m(-9). Calculate the highest common factor of 22 and w.
11
Suppose 3*k - 8743 = -2*w, -4*k + 5*w + 2920 = -3*k. Calculate the highest common divisor of k and 55.
55
Le